[INFO] cloning repository https://github.com/siddharthverma314/cryptopals
[INFO] running `Command { std: "git" "-c" "credential.helper=" "-c" "credential.helper=/workspace/cargo-home/bin/git-credential-null" "clone" "--bare" "https://github.com/siddharthverma314/cryptopals" "/workspace/cache/git-repos/https%3A%2F%2Fgithub.com%2Fsiddharthverma314%2Fcryptopals", kill_on_drop: false }`
[INFO] [stderr] Cloning into bare repository '/workspace/cache/git-repos/https%3A%2F%2Fgithub.com%2Fsiddharthverma314%2Fcryptopals'...
[INFO] running `Command { std: "git" "rev-parse" "HEAD", kill_on_drop: false }`
[INFO] [stdout] 891f95df0e847bae84ce9621269bd1ba38cd3e31
[INFO] checking siddharthverma314/cryptopals against try#72f88fc4e9458f89516a0b8b0868f3718aec5b47 for pr-74989
[INFO] running `Command { std: "git" "clone" "/workspace/cache/git-repos/https%3A%2F%2Fgithub.com%2Fsiddharthverma314%2Fcryptopals" "/workspace/builds/worker-11/source", kill_on_drop: false }`
[INFO] [stderr] Cloning into '/workspace/builds/worker-11/source'...
[INFO] [stderr] done.
[INFO] validating manifest of git repo https://github.com/siddharthverma314/cryptopals on toolchain 72f88fc4e9458f89516a0b8b0868f3718aec5b47
[INFO] running `Command { std: "/workspace/cargo-home/bin/cargo" "+72f88fc4e9458f89516a0b8b0868f3718aec5b47" "read-manifest" "--manifest-path" "Cargo.toml", kill_on_drop: false }`
[INFO] started tweaking git repo https://github.com/siddharthverma314/cryptopals
[INFO] finished tweaking git repo https://github.com/siddharthverma314/cryptopals
[INFO] tweaked toml for git repo https://github.com/siddharthverma314/cryptopals written to /workspace/builds/worker-11/source/Cargo.toml
[INFO] crate git repo https://github.com/siddharthverma314/cryptopals already has a lockfile, it will not be regenerated
[INFO] running `Command { std: "/workspace/cargo-home/bin/cargo" "+72f88fc4e9458f89516a0b8b0868f3718aec5b47" "fetch" "--locked" "--manifest-path" "Cargo.toml", kill_on_drop: false }`
[INFO] [stderr]     Blocking waiting for file lock on package cache
[INFO] [stderr]     Blocking waiting for file lock on package cache
[INFO] running `Command { std: "docker" "create" "-v" "/var/lib/crater-agent-workspace/builds/worker-11/target:/opt/rustwide/target:rw,Z" "-v" "/var/lib/crater-agent-workspace/builds/worker-11/source:/opt/rustwide/workdir:ro,Z" "-v" "/var/lib/crater-agent-workspace/cargo-home:/opt/rustwide/cargo-home:ro,Z" "-v" "/var/lib/crater-agent-workspace/rustup-home:/opt/rustwide/rustup-home:ro,Z" "-e" "SOURCE_DIR=/opt/rustwide/workdir" "-e" "CARGO_TARGET_DIR=/opt/rustwide/target" "-e" "CARGO_HOME=/opt/rustwide/cargo-home" "-e" "RUSTUP_HOME=/opt/rustwide/rustup-home" "-w" "/opt/rustwide/workdir" "-m" "1610612736" "--user" "0:0" "--network" "none" "rustops/crates-build-env@sha256:d92eaeed33fa75130ca1ee6c8a01d1ffb62bac859dfdfb3450e3e5d1c0146529" "/opt/rustwide/cargo-home/bin/cargo" "+72f88fc4e9458f89516a0b8b0868f3718aec5b47" "metadata" "--no-deps" "--format-version=1", kill_on_drop: false }`
[INFO] [stdout] c22e0fc2d488385b011ab2d5941103b1a19524cab38009140edaefa460332d60
[INFO] [stderr] WARNING: Your kernel does not support swap limit capabilities or the cgroup is not mounted. Memory limited without swap.
[INFO] running `Command { std: "docker" "start" "-a" "c22e0fc2d488385b011ab2d5941103b1a19524cab38009140edaefa460332d60", kill_on_drop: false }`
[INFO] running `Command { std: "docker" "inspect" "c22e0fc2d488385b011ab2d5941103b1a19524cab38009140edaefa460332d60", kill_on_drop: false }`
[INFO] running `Command { std: "docker" "rm" "-f" "c22e0fc2d488385b011ab2d5941103b1a19524cab38009140edaefa460332d60", kill_on_drop: false }`
[INFO] [stdout] c22e0fc2d488385b011ab2d5941103b1a19524cab38009140edaefa460332d60
[INFO] running `Command { std: "docker" "create" "-v" "/var/lib/crater-agent-workspace/builds/worker-11/target:/opt/rustwide/target:rw,Z" "-v" "/var/lib/crater-agent-workspace/builds/worker-11/source:/opt/rustwide/workdir:ro,Z" "-v" "/var/lib/crater-agent-workspace/cargo-home:/opt/rustwide/cargo-home:ro,Z" "-v" "/var/lib/crater-agent-workspace/rustup-home:/opt/rustwide/rustup-home:ro,Z" "-e" "SOURCE_DIR=/opt/rustwide/workdir" "-e" "CARGO_TARGET_DIR=/opt/rustwide/target" "-e" "CARGO_INCREMENTAL=0" "-e" "RUST_BACKTRACE=full" "-e" "RUSTFLAGS=--cap-lints=forbid" "-e" "CARGO_HOME=/opt/rustwide/cargo-home" "-e" "RUSTUP_HOME=/opt/rustwide/rustup-home" "-w" "/opt/rustwide/workdir" "-m" "1610612736" "--user" "0:0" "--network" "none" "rustops/crates-build-env@sha256:d92eaeed33fa75130ca1ee6c8a01d1ffb62bac859dfdfb3450e3e5d1c0146529" "/opt/rustwide/cargo-home/bin/cargo" "+72f88fc4e9458f89516a0b8b0868f3718aec5b47" "check" "--frozen" "--all" "--all-targets" "--message-format=json", kill_on_drop: false }`
[INFO] [stderr] WARNING: Your kernel does not support swap limit capabilities or the cgroup is not mounted. Memory limited without swap.
[INFO] [stdout] 3906f8d1d7b434b07be2a4308e91d76e5a263fc01f4a6be9906bd17072495032
[INFO] running `Command { std: "docker" "start" "-a" "3906f8d1d7b434b07be2a4308e91d76e5a263fc01f4a6be9906bd17072495032", kill_on_drop: false }`
[INFO] [stderr]     Checking rand_core v0.3.0
[INFO] [stderr]     Checking crossbeam-epoch v0.3.1
[INFO] [stderr]    Compiling rand_pcg v0.1.1
[INFO] [stderr]    Compiling rand_chacha v0.1.0
[INFO] [stderr]    Compiling rand v0.6.1
[INFO] [stderr]     Checking rand_hc v0.1.0
[INFO] [stderr]     Checking rand_xorshift v0.1.0
[INFO] [stderr]     Checking rand_isaac v0.1.1
[INFO] [stderr]     Checking crossbeam-deque v0.2.0
[INFO] [stderr]     Checking rayon-core v1.4.1
[INFO] [stderr]     Checking rayon v1.0.3
[INFO] [stderr]     Checking cryptopal v0.1.0 (/opt/rustwide/workdir)
[INFO] [stdout] error[E0423]: expected function, found macro `assert_eq`
[INFO] [stdout]    --> src/aes.rs:117:9
[INFO] [stdout]     |
[INFO] [stdout] 117 |         assert_eq(mat.len(), 16);
[INFO] [stdout]     |         ^^^^^^^^^ not a function
[INFO] [stdout]     |
[INFO] [stdout] help: use `!` to invoke the macro
[INFO] [stdout]     |
[INFO] [stdout] 117 |         assert_eq!(mat.len(), 16);
[INFO] [stdout]     |                  ^
[INFO] [stdout] 
[INFO] [stdout] 
[INFO] [stdout] warning: trait objects without an explicit `dyn` are deprecated
[INFO] [stdout]  --> src/convert.rs:6:14
[INFO] [stdout]   |
[INFO] [stdout] 6 |     buf: Box<Iterator<Item=u8> + 'a>,
[INFO] [stdout]   |              ^^^^^^^^^^^^^^^^^^^^^^ help: use `dyn`: `dyn Iterator<Item=u8> + 'a`
[INFO] [stdout]   |
[INFO] [stdout]   = note: `#[warn(bare_trait_objects)]` on by default
[INFO] [stdout] 
[INFO] [stdout] 
[INFO] [stdout] warning: trait objects without an explicit `dyn` are deprecated
[INFO] [stdout]   --> src/convert.rs:38:14
[INFO] [stdout]    |
[INFO] [stdout] 38 |     buf: Box<Iterator<Item=u8> + 'a>,
[INFO] [stdout]    |              ^^^^^^^^^^^^^^^^^^^^^^ help: use `dyn`: `dyn Iterator<Item=u8> + 'a`
[INFO] [stdout] 
[INFO] [stdout] 
[INFO] [stdout] error[E0423]: expected function, found macro `assert_eq`
[INFO] [stdout]    --> src/aes.rs:117:9
[INFO] [stdout]     |
[INFO] [stdout] 117 |         assert_eq(mat.len(), 16);
[INFO] [stdout]     |         ^^^^^^^^^ not a function
[INFO] [stdout]     |
[INFO] [stdout] help: use `!` to invoke the macro
[INFO] [stdout]     |
[INFO] [stdout] 117 |         assert_eq!(mat.len(), 16);
[INFO] [stdout]     |                  ^
[INFO] [stdout] 
[INFO] [stdout] 
[INFO] [stdout] warning: trait objects without an explicit `dyn` are deprecated
[INFO] [stdout]  --> src/convert.rs:6:14
[INFO] [stdout]   |
[INFO] [stdout] 6 |     buf: Box<Iterator<Item=u8> + 'a>,
[INFO] [stdout]   |              ^^^^^^^^^^^^^^^^^^^^^^ help: use `dyn`: `dyn Iterator<Item=u8> + 'a`
[INFO] [stdout]   |
[INFO] [stdout]   = note: `#[warn(bare_trait_objects)]` on by default
[INFO] [stdout] 
[INFO] [stdout] 
[INFO] [stdout] warning: trait objects without an explicit `dyn` are deprecated
[INFO] [stdout]   --> src/convert.rs:38:14
[INFO] [stdout]    |
[INFO] [stdout] 38 |     buf: Box<Iterator<Item=u8> + 'a>,
[INFO] [stdout]    |              ^^^^^^^^^^^^^^^^^^^^^^ help: use `dyn`: `dyn Iterator<Item=u8> + 'a`
[INFO] [stdout] 
[INFO] [stdout] 
[INFO] [stdout] error[E0308]: mismatched types
[INFO] [stdout]    --> src/aes.rs:119:9
[INFO] [stdout]     |
[INFO] [stdout] 116 |       pub fn mix_columns(mut self, mat: &[u8]) -> AesBuf {
[INFO] [stdout]     |                                                   ------ expected `AesBuf` because of return type
[INFO] [stdout] ...
[INFO] [stdout] 119 | /         for c in 0..self.nb {
[INFO] [stdout] 120 | |             for r in 0..4 {
[INFO] [stdout] 121 | |                 let mut elem = 0;
[INFO] [stdout] 122 | |                 for i in 0..4 {
[INFO] [stdout] ...   |
[INFO] [stdout] 125 | |             }
[INFO] [stdout] 126 | |         }
[INFO] [stdout]     | |_________^ expected struct `AesBuf`, found `()`
[INFO] [stdout] 
[INFO] [stdout] 
[INFO] [stdout] error: aborting due to 2 previous errors; 2 warnings emitted
[INFO] [stdout] 
[INFO] [stdout] 
[INFO] [stdout] Some errors have detailed explanations: E0308, E0423.
[INFO] [stdout] 
[INFO] [stdout] For more information about an error, try `rustc --explain E0308`.
[INFO] [stdout] 
[INFO] [stderr] error: could not compile `cryptopal`.
[INFO] [stderr] 
[INFO] [stderr] To learn more, run the command again with --verbose.
[INFO] [stderr] warning: build failed, waiting for other jobs to finish...
[INFO] [stdout] error[E0308]: mismatched types
[INFO] [stdout]    --> src/aes.rs:119:9
[INFO] [stdout]     |
[INFO] [stdout] 116 |       pub fn mix_columns(mut self, mat: &[u8]) -> AesBuf {
[INFO] [stdout]     |                                                   ------ expected `aes::AesBuf` because of return type
[INFO] [stdout] ...
[INFO] [stdout] 119 | /         for c in 0..self.nb {
[INFO] [stdout] 120 | |             for r in 0..4 {
[INFO] [stdout] 121 | |                 let mut elem = 0;
[INFO] [stdout] 122 | |                 for i in 0..4 {
[INFO] [stdout] ...   |
[INFO] [stdout] 125 | |             }
[INFO] [stdout] 126 | |         }
[INFO] [stdout]     | |_________^ expected struct `aes::AesBuf`, found `()`
[INFO] [stdout] 
[INFO] [stdout] 
[INFO] [stdout] error: aborting due to 2 previous errors; 2 warnings emitted
[INFO] [stdout] 
[INFO] [stdout] 
[INFO] [stdout] Some errors have detailed explanations: E0308, E0423.
[INFO] [stdout] 
[INFO] [stdout] For more information about an error, try `rustc --explain E0308`.
[INFO] [stdout] 
[INFO] [stderr] error: build failed
[INFO] running `Command { std: "docker" "inspect" "3906f8d1d7b434b07be2a4308e91d76e5a263fc01f4a6be9906bd17072495032", kill_on_drop: false }`
[INFO] running `Command { std: "docker" "rm" "-f" "3906f8d1d7b434b07be2a4308e91d76e5a263fc01f4a6be9906bd17072495032", kill_on_drop: false }`
[INFO] [stdout] 3906f8d1d7b434b07be2a4308e91d76e5a263fc01f4a6be9906bd17072495032
